mine c(u).
-10
Suppose -9 = -3*m + z - 2*z, 5*z - 25 = -5*m. Let b(y) = -22*y + y**m + 48*y - 27*y. Calculate b(-3).
12
Let z(l) = -l**2 - 4*l + 2. Let f(w) = -w. Suppose 2 = -0*j + 2*j. Let q be (-8)/(-10)*((-110)/(-4))/11. Let a(c) = j*z(c) + q*f(c). Calculate a(-6).
2
Let c = 602 + -598. Let v(j) be the third derivative of -3*j**4/8 + 2*j**3/3 + 16*j**2. What is v(c)?
-32
Let x(o) = -104*o**2 - 3223*o + 38. Let a be x(-31). Let i(n) = -n**3 + 6*n**2 + 4*n + 13. Give i(a).
-8
Suppose -2*b + 23 = -5*q, b = -3*b + 4*q + 28. Let s(y) = y**3 + 3*y - 1 - 2*y - b - 5*y**2 - 7*y. What is s(6)?
-5
Let s(v) = -4*v. Suppose -36 = 4*l - 16*l. Suppose -l*p = -7*p, a + 2 = 5*p. Determine s(a).
8
Let a(i) be the first derivative of -i**4/4 + 17*i**3/3 + 21*i**2/2 - 23*i + 647. Calculate a(18).
31
Let f(r) = 715 + 716 + 2*r - 2135 + 714. Give f(-7).
-4
Let q(a) = 598*a - 68 + 16 + 558*a - 1157*a. Calculate q(-13).
-39
Let k = 435 + -427. Let p = k + -10. Let d(a) = a**2 + 4*a + 4 - 1 + 0*a**3 - a**3. Give d(p).
7
Let b(x) = -x**2 + 23*x - 130. Suppose -130 - 86 = -225*o + 201*o. What is b(o)?
-4
Let q(a) be the first derivative of 2*a - 3/2*a**2 - 5/3*a**3 + 78. What is q(2)?
-24
Let o(j) = 9*j**2 + j + 1. Let t(h) = 4*h**2. Let m(g) = 3*o(g) - 7*t(g). Suppose -3*y + 8*y - 2*q = -265, -4*q - 130 = 2*y. Let l = y - -59. Determine m(l).
-1
Let z(m) be the third derivative of m**6/120 - 7*m**5/60 + m**4/6 - m**3/2 - 4*m**2. Suppose 3 = -0*o + 3*o. Suppose -23 = -4*r + o. Calculate z(r).
-15
Let p(k) = k**3 - 7*k**2 - 4*k + 2. Let c be (-48)/(-104) + (-5185)/(-793). What is p(c)?
-26
Let n(q) be the second derivative of q**5/15 + q**4/12 - 19*q**3/3 - q**2 - 16*q. Let g(o) be the second derivative of n(o). Give g(2).
18
Let x(l) = l - 2. Let s(f) = -8*f - 65. Let j be s(-8). Let u be -3*(j/(-3) + (1 - 0)). Determine x(u).
-6
Let b(s) be the second derivative of s**3 + 38*s**2 + 3293*s. What is b(-18)?
-32
Let t(w) = -w - 3. Let n = -170 - -537. Let z = n - 363. Give t(z).
-7
Suppose 407*z + 3584 = 855*z. Let f(o) = 0*o**3 + 9*o**2 - 8*o + 4*o**3 - 5*o**3 + 7. Calculate f(z).
7
Suppose -h + 44*g - 42*g + 16 = 0, -3*h + 96 = 2*g. Let s(m) = -m**3 + 30*m**2 - 55*m - 23. Calculate s(h).
5
Let t(w) = -8*w**2 - w + 24. Let l(n) = -7*n**2 + 21. Let d(r) = -6*l(r) + 5*t(r). Give d(8).
82
Let u(s) = 39*s - 190. Let i be (-425)/(-680)*(-24)/(-3). Give u(i).
5
Let z(y) = -2*y - 5. Let q = -460 + 472. Suppose -7 = t - 5*n, 3*t = -7*n + q*n - 21. Give z(t).
9
Let c(k) = 9*k**2 - 9*k + 129 - 15*k**2 + 5*k**2 - 59 - 60. Determine c(-9).
10
Let v = -493 + 237. Let z = v + 249. Let a(s) = 4*s + 10. Determine a(z).
-18
Let c(g) be the second derivative of -2*g**3/3 - g**2 - g. Suppose -5*v = -5*u - 70, 5*v = -3*u - 2*u - 20. Let t be -5*(-3)/(-3) + 12 + u. Determine c(t).
6
Let n(j) = 2*j + 10. Let b = -71 + 71. Suppose 0 = w - 2*i + 10, b = w - 0*i + 4*i - 2. Give n(w).
-2
Suppose 26 = 4*z - 2*u, -6*z + 13*u + 38 = 9*u. Let f(t) = -20*t + 147. Determine f(z).
7
Let g(z) = -z**3 - 32*z**2 + 79*z - 18. Let f be g(2). Let c(r) = -2*r**2 + 2*r + 16. What is c(f)?
-8
Suppose -u + 7 = -p, 9*u + p + 25 = 13*u. Let i(l) be the third derivative of l**4/8 - l**3/6 + 34*l**2 + l. Give i(u).
17
Suppose -181 + 538 = 17*q. Let k(b) be the third derivative of b**4/24 - 2*b**3/3 - 3*b**2. Let a(m) = -4*m + 13. Let g(d) = q*k(d) + 6*a(d). Give g(-4).
6
Let o(d) be the second derivative of -d**6/720 + 19*d**5/120 - 29*d**4/3 - 5*d + 11. Let m(l) be the third derivative of o(l). Give m(9).
10
Let c(a) be the third derivative of a**5/60 - 3*a**4/8 - 91*a**3/6 - 1947*a**2. Give c(15).
-1
Let j = -4 - 0. Let q(u) = -u**2 - u**3 + 552441 - 276216 - 276228 + 5*u. Calculate q(j).
25
Suppose -y + 3*y - 41 = -t, -2*t + 64 = 3*y. Let p be ((-15)/y - 1/(-2))*-9. Let f(u) = -3*u + 8. Give f(p).
-1
Suppose 0 = 4*a + a + 255. Let v be (-2562)/102 - 6/a. Let z be v/5 + 1 + -1. Let d(h) = -h - 9. Calculate d(z).
-4
Let g(l) = 3*l**3 - 13*l**2 + 142*l + 12 - 2*l**3 - 254*l + 125*l. Give g(11).
-87
Let u be (2 - -1) + -4 + 13. Let y be 2/u*2*(-90)/6. Let j(l) = 2*l - 3*l + 3*l**2 - 2*l - 22*l**2 + 4 + 18*l**2. What is j(y)?
-6
Let l(s) be the second derivative of s**4/12 - 3*s**2/2 + 2*s. Let a = -20013 - -20013. Calculate l(a).
-3
Let x(s) be the first derivative of s**2/2 + 2*s + 13. Let z(i) = 4. Let a(d) = 2*x(d) - z(d). Determine a(3).
6
Suppose 2*s = y - 3 - 8, 20 = 5*y - 3*s. Let j be (2 - -9)*1/y. Let u(o) = 15 - 3 - o - j. Calculate u(0).
1
Suppose -4*u + 70 = 5*f, -2*u - f - 4 = -30. Let v(t) = 5*t**2 - 52*t + 16. Calculate v(u).
-4
Let q(j) = -11*j**2 - 3*j - 2. Let n(w) = -32*w**2 - 9*w - 5. Let t(c) = -4*n(c) + 11*q(c). Suppose -8*m - 4*f - 12 = -4*m, -4*m - 5*f - 16 = 0. Determine t(m).
8
Let f(o) be the first derivative of 11*o**2 - 93*o + 3210. Determine f(4).
-5
Let j(v) = -32*v - 79. Let p = 30864 - 30868. Determine j(p).
49
Let c(d) = -2*d - 5. Let b(x) be the third derivative of -x**5/60 - 17*x**4/24 - 11*x**3/6 - 9*x**2 - 6*x. Let y be b(-16). Determine c(y).
-15
Let n(s) = -9 - 2*s**2 - 3 + 3*s**2 - s + 32*s**3 - 23*s**3. Let b(u) = 5*u**3 + u**2 - 6. Let r(o) = 7*b(o) - 4*n(o). Calculate r(4).
6
Let l(b) = 5*b**3 - 8*b**2 + 6*b + 19. Let t(p) = p**3 + 1. Let i(x) = l(x) - 4*t(x). Let o be i(7). Let s(q) = -q**2 + 5*q + 11. Determine s(o).
-13
Let w(b) be the second derivative of b**3 + 93*b**2/2 - 707*b + 1. Determine w(-14).
9
Let k = -102 - -65. Let m = k + 41. Let g(z) = 19 - z**3 + 0*z**3 + m*z**2 - 18. Give g(3).
10
Let s be -2*(-2)/4 + -6. Let t = -278 + 281. Let h(l) = 3*l**2 + 3 - 8*l + l**t + 0*l**2 + 6 - 16. Calculate h(s).
-17
Let d be ((-10)/(-30))/((-2)/12) - 6. Let y(u) = 3*u**2 + 7*u + 10. Let g(n) = n**2 + 2*n + 4. Let k(m) = 11*g(m) - 4*y(m). Calculate k(d).
-12
Suppose -12 = 17*p - 46. Let w(j) = 7*j**p + 2*j**2 + 2*j - j**3 + 3 - 11*j**2. What is w(-2)?
-1
Let j be 3 - (5 - 5)/(-1). Let t(g) = g**2 - g - 9. Let w be t(j). Let u(o) = o + 4. Give u(w).
1
Suppose -2*l - 100 = -c, -4*c + 3*l = -l - 396. Let w(p) = 2*p**2 - p**2 - 104 + c + 3*p. Give w(-5).
4
Suppose -18*r + 18 + 90 = 0. Let f = 15 + -4. Let h(x) = f*x - x**3 + 4 - 5*x**2 - 20*x + r*x. Calculate h(-3).
-5
Let z(j) = -2*j + 26. Suppose 12858*d = 12857*d + 9. What is z(d)?
8
Let h(b) = b**3 - 2*b**2 + b. Let q be h(2). Let y = 5 + q. Let a(j) be the second derivative of j**3/6 + j**2/2 + 2930*j. What is a(y)?
8
Suppose 12 = -4*r - 162*p + 165*p, -3*r + 16 = 4*p. Let t(h) be the third derivative of 0 - 3*h**2 + r*h + 1/24*h**4 - 1/6*h**3. What is t(4)?
3
Let i(s) be the second derivative of -s**4/12 - s**3/6 - s**2 - 772*s. Determine i(-1).
-2
Let s(x) = x**3 + 6*x**2 - 2*x - 3. Suppose -20*q + 18*q = -2. Let a be (-1)/q*4 - 24/12. Determine s(a).
9
Let m(p) be the second derivative of p**4/2 - 11*p**3/6 + 7*p**2/2 - 34*p. Let y be m(2). Let d(v) = v - 3. Calculate d(y).
6
Let o(b) be the second derivative of -b**5/60 + b**4/24 - 5*b**3/2 - b - 8. Let s(g) be the second derivative of o(g). What is s(3)?
-5
Let p = -2 + 16. Let z be (-9)/6 + p/4. Let g(t) = z + 2 + 0*t - 3*t - t. Calculate g(6).
-20
Let m(d) = -18*d - 19*d - 13*d - 21*d + 66*d. Suppose 2*y = 2*f + y + 2, 3*y + 6 = 0. Let z be 0 + (-2)/((-4)/f). Give m(z).
5
Let t(s) = -38*s - 21. Let w(f) be the second derivative of 11*f**3/6 + 7*f**2/2 + 7*f + 4. Let h(l) = -2*t(l) - 7*w(l). Give h(-2).
-5
Let i(f) = f + 1. Suppose 0 = 2*h - 12*h - 170. Let c(u) = -u - 16. Let k be c(h). Determine i(k).
2
Let g(k) be the second derivative of -2/3*k**3 - 1/3*k**4 - 1/20*k**5 - 3*k**2 + 18*k - 3. What is g(-4)?
10
Let j(y) be the first derivative of -y**5/60 + y**4/4 + 7*y**3/6 + 116*y**2 - 2*y + 197. Let h(s) be the second derivative of j(s). What is h(7)?
0
Let r(b) = 3*b**2 - 2*b. Let s(h) = 5*h**2 - 2*h + 1. Let i be (8/(-14))/((-2)/14). Let t(l) = i*s(l) - 7*r(l). Determine t(6).
4
Let a(w) = 22*w + 99. Suppose 5*g - 5*r = -12 - 18, 0 = -5*g - 4*r - 21. Let i be a(g). Let f(v) = v + 4. Calculate f(i).
-7
Let u(s) = 0 - 1 + s - 3*s - s**3. Suppose -z + 19 = -4*y, -3 = 3*z - 2*y - 10. What is u(z)?
2
Let a(z) = 13*z + 24*z + 1 + 14*z - 16*z. Let q be 13 + -13 + 1 + 0/(-3 - -5). Determine a(q).
36
Let c(b) = 4*b - 78. Let i = 10121 - 10104. Determine c(i).
